 f?
3
What is the tens digit of 4/(12/7023)*1 - -1?
4
What is the units digit of ((-9936)/(-63))/((-22)/(-77))?
2
Suppose 0 = 13*d - 20*d + 6384. What is the tens digit of d?
1
Suppose 10 = 2*g + 4. Suppose 0 = -3*c + g*y + 132, y - 27 = -c + 25. What is the units digit of c?
8
Let u be (-3)/9 + (-92)/(-6). What is the tens digit of (-1 + -10)/(u/(-30))?
2
Let v = -937 + 1904. What is the hundreds digit of v?
9
What is the tens digit of (7 - 1561/(-35))/((-2)/(-5))?
2
Let q(v) = 18*v**3 + 4*v**2 + 2*v - 4. Let o be q(-5). Let y = 3136 + o. What is the units digit of 4/(-22) + y/22?
4
Let d(j) = -1. Let x(y) = y**2 - 8*y - 3. Suppose -z + g + 8 = -0, 2*g = -4*z + 2. Let m(r) = z*d(r) - x(r). What is the units digit of m(7)?
7
Suppose -q + 1160 = 4*q. What is the units digit of q?
2
Suppose -5*l - 12 = 38. Let k = l - -14. What is the units digit of k?
4
Suppose 4*s - 436 = -2*z, -5*s - z + 103 + 436 = 0. Suppose -3*j + 196 + s = 0. What is the tens digit of j?
0
Suppose 669*o = 657*o + 68736. What is the hundreds digit of o?
7
Suppose -4*i + 103 - 43 = 0. Suppose i = 3*b - 63. What is the units digit of b?
6
Suppose -2*n - m + 3 = 4, 3*n = -2*m - 4. Suppose -k + 20 = 3*k. Suppose 2*v = -3*b + 45 + k, -v = -n*b + 38. What is the units digit of b?
8
Let o(n) be the third derivative of -41*n**4/24 - n**3/3 - 5*n**2. Let x be o(1). Let q = x - -74. What is the units digit of q?
1
Let b(a) = -8 - a + 4 - 6 + 0. Let m be b(-8). What is the tens digit of 25 + (-1 - -2) + m?
2
Let r = 1246 - 496. What is the hundreds digit of r?
7
Let d(r) = r**3 + 4*r**2 + r. Let j be d(-3). Let o(y) = -y**3 + 8*y**2 - 9*y + 1. Let q be o(j). Let p = q + -10. What is the units digit of p?
9
Suppose -f - 2*f - b = -4256, 2 = b. What is the thousands digit of f?
1
Suppose -z + 586 = 5*m, 2*z + 375 + 223 = 5*m. What is the tens digit of m?
1
Let v = -33 + 17. What is the tens digit of -4*14/v*7*2?
4
Let i = 12 - 9. Suppose -n + 9 + i = 0. Let z = n + -11. What is the units digit of z?
1
Let j = -68 - -74. Suppose j*q = 65 - 11. What is the units digit of q?
9
Suppose 3*g + 1096 = 3*w + 403, -4*w + 3*g + 928 = 0. Suppose -3*k = -w - 182. What is the units digit of k?
9
Let o(b) = -338*b**3 + 4*b**2 - b - 4. What is the tens digit of o(-1)?
3
Let p = -11 - -13. Let w be ((-5)/3)/(p/(-6)). Suppose -3*n = -w*v - 76, 0*n + 116 = 5*n - 3*v. What is the tens digit of n?
2
Let d(a) = 2*a**2 - 4*a + 6. Suppose 17 = j - 3. Suppose 3*b + b = j. What is the tens digit of d(b)?
3
Suppose -85 = -5*a + 5*m, 2*a + 3*m - 3 - 31 = 0. Let i = 0 + a. Let s = -5 + i. What is the tens digit of s?
1
Let k = 65 + -61. Suppose 12*g = k*g + 280. What is the tens digit of g?
3
Suppose 3*y - 367 = -5*t - y, 298 = 4*t + y. Let o be t - (16/(-1))/(-4). Suppose -5*a = 16 - o. What is the tens digit of a?
1
Let r = 6766 - 4693. What is the thousands digit of r?
2
Suppose 1527 = 3*c - 4584. What is the thousands digit of c?
2
Let q be 21/14*(1 + 1). Suppose -4*b = -q*h - 415, 2*b + 3*h = -33 + 218. What is the tens digit of b?
0
What is the tens digit of 7/42 + 5866/12?
8
Let o = -14 - -14. Suppose o = 3*p - 15 - 24. Let m = 3 + p. What is the tens digit of m?
1
Let d(n) = 3*n**3 + 7*n**2 - 10*n - 19. What is the hundreds digit of d(9)?
6
Let k(m) = -2*m + 26. Let h = -29 + 24. What is the units digit of k(h)?
6
Let m = -11 - -14. What is the tens digit of m*3327/81 - 4/18?
2
Let z(u) = u**3 + 8*u**2 + 5*u + 16. Let i be z(-7). Suppose i*d = 29*d + 30. What is the tens digit of d?
3
Let y = 1702 - 1710. Suppose 69 = 2*s - 3*s. Let g = y - s. What is the tens digit of g?
6
Let x(d) = -d**3 + 16*d**2 - 3*d - 6. What is the tens digit of x(6)?
3
Let q(i) = i**3 + 2*i**2 + 4*i - 17. What is the tens digit of q(8)?
5
Let v(b) = 25*b + 6. Let f be v(7). Suppose 37 - f = -3*m. What is the units digit of m?
8
Suppose 0 = -5*n + n - 12. Let j be (12/14)/(n/(-63)). Suppose 2*h - 16 - j = 0. What is the units digit of h?
7
What is the units digit of 138/(-30) - -5 - 5034/(-15)?
6
Suppose -2*p + 13 = 3*z, -z - 4*z = -5*p + 45. Let l be (190/3)/(p/12). Suppose y = -4*y + l. What is the tens digit of y?
1
Let n be 3 - (-2 + 5) - -44. Suppose -3*p = -5*h + 220, -p + n = h - 4*p. Suppose -21*x - h = -23*x. What is the tens digit of x?
2
Let g(n) = 6*n - 10. Let y(r) = -5*r + 9. Let o(f) = -6*g(f) - 7*y(f). Let k be o(-8). Suppose 4 = k*j - 1. What is the units digit of j?
1
Let r(i) = -22*i + 1 + 0 + 0 + 2. Let w be r(-1). Suppose -3*g + 24 = 2*x - 1, 0 = -5*g + w. What is the units digit of x?
5
Suppose -v - 22 = 3*s, -3*v - s - 16 = -2*v. What is the tens digit of (5 - 9 - -30)/((-2)/v)?
6
Suppose -4*v - w = -12, 3*v + 2*w - 9 = -3*w. Suppose -l = -g + 116, v*g - 4*l + 8*l - 355 = 0. What is the tens digit of g?
1
Suppose 4*u = u + 66. Let r be 31/11 + 4/u. Suppose r*c + 8 - 26 = 0. What is the units digit of c?
6
Let q = 22 + -2. Let i = q + -23. What is the tens digit of 12/(-18) - 65/i?
2
Let n(c) = 0*c**3 - 3*c - 6*c**2 + c**3 + 11*c - 8. What is the tens digit of n(8)?
8
Let n be 6/(-15)*(-45)/(-3). Let q be (-1)/(-3) + 2/n. What is the units digit of (q - -2) + 90/6?
7
Let y(x) = x**2 - 6*x + 12. Let u be y(4). Suppose 0 = 4*h, 0 = -3*a - a + u*h + 232. What is the units digit of a?
8
Let x be 458/5 + 2/5. Suppose -h + y = -10, -15 = -2*h - y + 2*y. Suppose 3*j + 4*q - x = -j, -110 = -4*j + h*q. What is the units digit of j?
5
Let p be 2/(-3) + 22/(-66). What is the units digit of -9 + 245 - (p + 1)?
6
Let j = 18 + -3. Suppose 6*h + j = h. What is the units digit of 3 - (h + 1 - -3)?
2
What is the hundreds digit of -24 - -21 - (460/(-1) - 0)?
4
Let h = -98 - -163. What is the units digit of h?
5
Let d(u) = -u**2 - 8*u + 10. Let j be d(-9). Let n be j + 3 + 0 - 1. Suppose 0 = f + 4*i - 73, 2*i - 169 = -n*f - 0*f. What is the units digit of f?
3
Let w(q) = q**3 + 8*q**2 + 8*q + 9. Let t be w(-7). Suppose -t*u = -3*u. Suppose 3*n + i - 226 = -n, -i - 2 = u. What is the units digit of n?
7
Suppose -5104 = -10*w + 13536. What is the hundreds digit of w?
8
Suppose h = 4 - 16. Let j be (-54)/1*h/(-6). What is the tens digit of 24/j + 220/18?
1
Let m = 171 + -93. Suppose 6*w - 90 = m. Suppose -24*o = -w*o + 160. What is the tens digit of o?
4
Let f(v) = 36*v - 1. Let s(x) = -x - 13 + 13. Let y(l) = -f(l) - 4*s(l). What is the units digit of y(-1)?
3
Let h be (7 + (-287)/42)/((-2)/(-12)). Suppose 3*o = z - 79, -z + 5*o - h + 82 = 0. What is the units digit of z?
6
Let t(m) = 29*m. Let n be t(-2). Let w = 95 + n. What is the tens digit of w?
3
Let i be 7/(-14)*(1 - 3). What is the tens digit of i/(2 - (-1948)/(-976))?
4
Let l = 161 + 485. What is the units digit of l?
6
Let h(s) = 8*s**2 + 10 + s + 3*s - 5*s - s**3 + 3. What is the tens digit of h(6)?
7
Let s(j) = j**3 - 2*j**2 + 3*j - 3. Let q be s(2). Let i(y) = -q*y - 53*y**2 + 82*y**2 + 2*y. What is the units digit of i(1)?
8
Suppose -2*d + 5*v - 2 = 2, 4*d - 2*v + 24 = 0. Let o = -2 - d. Suppose -o*f + 174 - 64 = 0. What is the tens digit of f?
2
Let y be 2625/91 + (-2)/(-52)*4. Let t = 8 + y. What is the tens digit of t?
3
Suppose 3*d = -4*z + 1725, -2*d - 522 = -5*z + 1640. What is the tens digit of z?
3
Let g(k) = 8*k**2 + 6*k + 8. What is the units digit of g(-5)?
8
Suppose -9*i + 5*i = 0. What is the tens digit of 48/(i + 3) + 0?
1
Let l be -5 + (-1 - -3)*2. What is the units digit of (2 - l) + 2*9?
1
Let h(c) = 39*c + 58. What is the thousands digit of h(39)?
1
Suppose -2*a + 2*c = -386, -2*c - 763 = -4*a - 7*c. What is the hundreds digit of a?
1
What is the units digit of 6 - (11 + -4 - 2158)?
7
Let z(a) = 3*a**2 - 2*a + 5. Suppose -u + f = 4*u - 24, -3*u = 5*f + 8. Let s be z(u). What is the tens digit of ((-20)/6)/((-5)/s)?
3
Suppose 6 = -2*m, -5*j = 2*m + 2*m + 247. Let r = j + 155. What is the hundreds digit of r?
1
Suppose 60 = 2*j + 3*j. Let u be 21/(-14)*j/(-2). What is the tens digit of 4/(-6) + 159/u?
1
Suppose -32 = -5*p + 3*p. Let i(w) = w**3 - 16*w**2 + w + 18. Let q be i(p). Suppose 40 = c - 3*n, c - n - 4*n = q. What is the tens digit of c?
4
Let q(f) = f**2 - 25*f + 62. What is the hundreds digit of q(-23)?
1
Let w be (-2)/(((-2)/72)/1). Suppose w = 5*n - 3. Suppose n = -3*c, 4*o - c - 104 = 3*c. What is the units digit of o?
1
Let d(q) = 